{"id":2101,"date":"2021-03-19T10:02:47","date_gmt":"2021-03-19T10:02:47","guid":{"rendered":"https:\/\/declix.io\/blog\/?page_id=2101"},"modified":"2023-07-31T18:42:59","modified_gmt":"2023-07-31T18:42:59","slug":"demo-buchen","status":"publish","type":"page","link":"https:\/\/declix.io\/blog\/demo-buchen","title":{"rendered":"Demo buchen"},"content":{"rendered":"\t\t<div data-elementor-type=\"wp-page\" data-elementor-id=\"2101\" class=\"elementor elementor-2101\">\n\t\t\t\t\t\t<section class=\"elementor-section elementor-top-section elementor-element elementor-element-2f0c2f0 elementor-section-boxed elementor-section-height-default elementor-section-height-default\" data-id=\"2f0c2f0\" data-element_type=\"section\" data-e-type=\"section\">\n\t\t\t\t\t\t<div class=\"elementor-container elementor-column-gap-default\">\n\t\t\t\t\t<div class=\"elementor-column elementor-col-50 elementor-top-column elementor-element elementor-element-3298088\" data-id=\"3298088\" data-element_type=\"column\" data-e-type=\"column\">\n\t\t\t<div class=\"elementor-widget-wrap elementor-element-populated\">\n\t\t\t\t\t\t<div class=\"elementor-element elementor-element-93e252f elementor-widget elementor-widget-text-editor\" data-id=\"93e252f\" data-element_type=\"widget\" data-e-type=\"widget\" data-widget_type=\"text-editor.default\">\n\t\t\t\t<div class=\"elementor-widget-container\">\n\t\t\t\t\t\t\t\t\t\n<div class=\"wpcf7 no-js\" id=\"wpcf7-f447-o1\" lang=\"en-US\" dir=\"ltr\" data-wpcf7-id=\"447\">\n<div class=\"screen-reader-response\"><p role=\"status\" aria-live=\"polite\" aria-atomic=\"true\"><\/p> <ul><\/ul><\/div>\n<form action=\"\/blog\/wp-json\/wp\/v2\/pages\/2101#wpcf7-f447-o1\" method=\"post\" class=\"wpcf7-form init\" aria-label=\"Contact form\" novalidate=\"novalidate\" data-status=\"init\">\n<fieldset class=\"hidden-fields-container\"><input type=\"hidden\" name=\"_wpcf7\" value=\"447\" \/><input type=\"hidden\" name=\"_wpcf7_version\" value=\"6.1.5\" \/><input type=\"hidden\" name=\"_wpcf7_locale\" value=\"en_US\" \/><input type=\"hidden\" name=\"_wpcf7_unit_tag\" value=\"wpcf7-f447-o1\" \/><input type=\"hidden\" name=\"_wpcf7_container_post\" value=\"0\" \/><input type=\"hidden\" name=\"_wpcf7_posted_data_hash\" value=\"\" \/><input type=\"hidden\" name=\"_wpcf7_recaptcha_response\" value=\"\" \/>\n<\/fieldset>\n<p><label> Your Name (required)<br \/>\n<span class=\"wpcf7-form-control-wrap\" data-name=\"your-name\"><input size=\"40\" maxlength=\"400\" class=\"wpcf7-form-control wpcf7-text wpcf7-validates-as-required\" aria-required=\"true\" aria-invalid=\"false\" value=\"\" type=\"text\" name=\"your-name\" \/><\/span> <\/label>\n<\/p>\n<p><label> Your Email (required)<br \/>\n<span class=\"wpcf7-form-control-wrap\" data-name=\"your-email\"><input size=\"40\" maxlength=\"400\" class=\"wpcf7-form-control wpcf7-email wpcf7-validates-as-required wpcf7-text wpcf7-validates-as-email\" aria-required=\"true\" aria-invalid=\"false\" value=\"\" type=\"email\" name=\"your-email\" \/><\/span> <\/label>\n<\/p>\n<p><label> Subject<br \/>\n<span class=\"wpcf7-form-control-wrap\" data-name=\"your-subject\"><input size=\"40\" maxlength=\"400\" class=\"wpcf7-form-control wpcf7-text\" aria-invalid=\"false\" value=\"\" type=\"text\" name=\"your-subject\" \/><\/span> <\/label>\n<\/p>\n<p><label> Your Message<br \/>\n<span class=\"wpcf7-form-control-wrap\" data-name=\"your-message\"><textarea cols=\"40\" rows=\"10\" maxlength=\"2000\" class=\"wpcf7-form-control wpcf7-textarea\" aria-invalid=\"false\" name=\"your-message\"><\/textarea><\/span> <\/label><br \/>\n<label>\n\t<\/label>\n<\/p>\n<p><input class=\"wpcf7-form-control wpcf7-submit has-spinner\" type=\"submit\" value=\"Send\" \/>\n<\/p><div class=\"wpcf7-response-output\" aria-hidden=\"true\"><\/div>\n<\/form>\n<\/div>\n\t\t\t\t\t\t\t\t<\/div>\n\t\t\t\t<\/div>\n\t\t\t\t\t<\/div>\n\t\t<\/div>\n\t\t\t\t<div class=\"elementor-column elementor-col-50 elementor-top-column elementor-element elementor-element-a8da086\" data-id=\"a8da086\" data-element_type=\"column\" data-e-type=\"column\">\n\t\t\t<div class=\"elementor-widget-wrap elementor-element-populated\">\n\t\t\t\t\t\t<div class=\"elementor-element elementor-element-681f293 elementor-widget elementor-widget-heading\" data-id=\"681f293\" data-element_type=\"widget\" data-e-type=\"widget\" data-widget_type=\"heading.default\">\n\t\t\t\t<div class=\"elementor-widget-container\">\n\t\t\t\t\t<h1 class=\"elementor-heading-title elementor-size-default\">Demo buchen<\/h1>\t\t\t\t<\/div>\n\t\t\t\t<\/div>\n\t\t\t\t<div class=\"elementor-element elementor-element-31fc141 elementor-widget elementor-widget-text-editor\" data-id=\"31fc141\" data-element_type=\"widget\" data-e-type=\"widget\" data-widget_type=\"text-editor.default\">\n\t\t\t\t<div class=\"elementor-widget-container\">\n\t\t\t\t\t\t\t\t\t<h5>Bitte f\u00fcllen Sie das Formular aus, um Ihnen die bestm\u00f6gliche Demo anbieten zu k\u00f6nnen.<\/h5>\t\t\t\t\t\t\t\t<\/div>\n\t\t\t\t<\/div>\n\t\t\t\t<div class=\"elementor-element elementor-element-0604062 elementor-widget elementor-widget-text-editor\" data-id=\"0604062\" data-element_type=\"widget\" data-e-type=\"widget\" data-widget_type=\"text-editor.default\">\n\t\t\t\t<div class=\"elementor-widget-container\">\n\t\t\t\t\t\t\t\t\t<p><strong>Was Sie erwarten k\u00f6nnen:<\/strong><\/p><p>In dieser Sitzung werden wir:<\/p><ul><li>Sie erhalten eine ausf\u00fchrliche Demonstration der Declix-Dienste und -Produkte, die f\u00fcr Ihr Team von Interesse sein k\u00f6nnten.<\/li><li>Analysieren, wie Declix Ihrem Team helfen kann, die Customer Experience zu verbessern.<\/li><li>Zeit f\u00fcr Diskussion, Q&amp;A rund um die Angebote von Declix halten<\/li><\/ul>\t\t\t\t\t\t\t\t<\/div>\n\t\t\t\t<\/div>\n\t\t\t\t\t<\/div>\n\t\t<\/div>\n\t\t\t\t\t<\/div>\n\t\t<\/section>\n\t\t\t\t<\/div>\n\t\t","protected":false},"excerpt":{"rendered":"<p>Demo buchen Bitte f\u00fcllen Sie das Formular aus, um Ihnen die bestm\u00f6gliche Demo anbieten zu k\u00f6nnen. Was Sie erwarten k\u00f6nnen: In dieser Sitzung werden wir: Sie erhalten eine ausf\u00fchrliche Demonstration der Declix-Dienste und -Produkte, die f\u00fcr Ihr Team von Interesse sein k\u00f6nnten. Analysieren, wie Declix Ihrem Team helfen kann, die Customer Experience zu verbessern. Zeit f\u00fcr Diskussion, Q&amp;A rund um die Angebote von Declix halten<\/p>\n","protected":false},"author":3,"featured_media":0,"parent":0,"menu_order":0,"comment_status":"closed","ping_status":"closed","template":"elementor_header_footer","meta":{"footnotes":""},"class_list":["post-2101","page","type-page","status-publish","hentry"],"yoast_head":"<!-- This site is optimized with the Yoast SEO plugin v27.1.1 - https:\/\/yoast.com\/product\/yoast-seo-wordpress\/ -->\n<title>Demo buchen | Declix<\/title>\n<meta name=\"robots\" content=\"index, follow, max-snippet:-1, max-image-preview:large, max-video-preview:-1\" \/>\n<link rel=\"canonical\" href=\"https:\/\/declix.io\/blog\/demo-buchen\" \/>\n<meta property=\"og:locale\" content=\"en_GB\" \/>\n<meta property=\"og:type\" content=\"article\" \/>\n<meta property=\"og:title\" content=\"Demo buchen | Declix\" \/>\n<meta property=\"og:description\" content=\"Demo buchen Bitte f\u00fcllen Sie das Formular aus, um Ihnen die bestm\u00f6gliche Demo anbieten zu k\u00f6nnen. Was Sie erwarten k\u00f6nnen: In dieser Sitzung werden wir: Sie erhalten eine ausf\u00fchrliche Demonstration der Declix-Dienste und -Produkte, die f\u00fcr Ihr Team von Interesse sein k\u00f6nnten. Analysieren, wie Declix Ihrem Team helfen kann, die Customer Experience zu verbessern. Zeit f\u00fcr Diskussion, Q&amp;A rund um die Angebote von Declix halten\" \/>\n<meta property=\"og:url\" content=\"https:\/\/declix.io\/blog\/demo-buchen\" \/>\n<meta property=\"og:site_name\" content=\"Declix\" \/>\n<meta property=\"article:publisher\" content=\"https:\/\/www.facebook.com\/Declix.ch\/\" \/>\n<meta property=\"article:modified_time\" content=\"2023-07-31T18:42:59+00:00\" \/>\n<meta name=\"twitter:card\" content=\"summary_large_image\" \/>\n<meta name=\"twitter:site\" content=\"@declix_CH\" \/>\n<meta name=\"twitter:label1\" content=\"Estimated reading time\" \/>\n\t<meta name=\"twitter:data1\" content=\"1 minute\" \/>\n<script type=\"application\/ld+json\" class=\"yoast-schema-graph\">{\"@context\":\"https:\/\/schema.org\",\"@graph\":[{\"@type\":\"WebPage\",\"@id\":\"https:\/\/declix.io\/blog\/demo-buchen\",\"url\":\"https:\/\/declix.io\/blog\/demo-buchen\",\"name\":\"Demo buchen | Declix\",\"isPartOf\":{\"@id\":\"https:\/\/declix.io\/blog\/#website\"},\"datePublished\":\"2021-03-19T10:02:47+00:00\",\"dateModified\":\"2023-07-31T18:42:59+00:00\",\"breadcrumb\":{\"@id\":\"https:\/\/declix.io\/blog\/demo-buchen#breadcrumb\"},\"inLanguage\":\"en-GB\",\"potentialAction\":[{\"@type\":\"ReadAction\",\"target\":[\"https:\/\/declix.io\/blog\/demo-buchen\"]}]},{\"@type\":\"BreadcrumbList\",\"@id\":\"https:\/\/declix.io\/blog\/demo-buchen#breadcrumb\",\"itemListElement\":[{\"@type\":\"ListItem\",\"position\":1,\"name\":\"Portada\",\"item\":\"https:\/\/declix.io\/blog\/en\/\"},{\"@type\":\"ListItem\",\"position\":2,\"name\":\"Demo buchen\"}]},{\"@type\":\"WebSite\",\"@id\":\"https:\/\/declix.io\/blog\/#website\",\"url\":\"https:\/\/declix.io\/blog\/\",\"name\":\"Declix\",\"description\":\"Live Support, Customer service &amp; Online Assistant\",\"publisher\":{\"@id\":\"https:\/\/declix.io\/blog\/#organization\"},\"potentialAction\":[{\"@type\":\"SearchAction\",\"target\":{\"@type\":\"EntryPoint\",\"urlTemplate\":\"https:\/\/declix.io\/blog\/?s={search_term_string}\"},\"query-input\":{\"@type\":\"PropertyValueSpecification\",\"valueRequired\":true,\"valueName\":\"search_term_string\"}}],\"inLanguage\":\"en-GB\"},{\"@type\":\"Organization\",\"@id\":\"https:\/\/declix.io\/blog\/#organization\",\"name\":\"Declix\",\"url\":\"https:\/\/declix.io\/blog\/\",\"logo\":{\"@type\":\"ImageObject\",\"inLanguage\":\"en-GB\",\"@id\":\"https:\/\/declix.io\/blog\/#\/schema\/logo\/image\/\",\"url\":\"https:\/\/declix.io\/blog\/wp-content\/uploads\/2021\/01\/DeClix-Horizontal-1.png\",\"contentUrl\":\"https:\/\/declix.io\/blog\/wp-content\/uploads\/2021\/01\/DeClix-Horizontal-1.png\",\"width\":1081,\"height\":283,\"caption\":\"Declix\"},\"image\":{\"@id\":\"https:\/\/declix.io\/blog\/#\/schema\/logo\/image\/\"},\"sameAs\":[\"https:\/\/www.facebook.com\/Declix.ch\/\",\"https:\/\/x.com\/declix_CH\",\"https:\/\/www.instagram.com\/declix_ch\/\",\"https:\/\/www.linkedin.com\/company\/declix7\/\",\"https:\/\/www.pinterest.ch\/Declix_CH\",\"https:\/\/www.youtube.com\/channel\/UCh-eD053S-x2XbHAYJsywuQ\"]}]}<\/script>\n<!-- \/ Yoast SEO plugin. -->","yoast_head_json":{"title":"Demo buchen | Declix","robots":{"index":"index","follow":"follow","max-snippet":"max-snippet:-1","max-image-preview":"max-image-preview:large","max-video-preview":"max-video-preview:-1"},"canonical":"https:\/\/declix.io\/blog\/demo-buchen","og_locale":"en_GB","og_type":"article","og_title":"Demo buchen | Declix","og_description":"Demo buchen Bitte f\u00fcllen Sie das Formular aus, um Ihnen die bestm\u00f6gliche Demo anbieten zu k\u00f6nnen. Was Sie erwarten k\u00f6nnen: In dieser Sitzung werden wir: Sie erhalten eine ausf\u00fchrliche Demonstration der Declix-Dienste und -Produkte, die f\u00fcr Ihr Team von Interesse sein k\u00f6nnten. Analysieren, wie Declix Ihrem Team helfen kann, die Customer Experience zu verbessern. Zeit f\u00fcr Diskussion, Q&amp;A rund um die Angebote von Declix halten","og_url":"https:\/\/declix.io\/blog\/demo-buchen","og_site_name":"Declix","article_publisher":"https:\/\/www.facebook.com\/Declix.ch\/","article_modified_time":"2023-07-31T18:42:59+00:00","twitter_card":"summary_large_image","twitter_site":"@declix_CH","twitter_misc":{"Estimated reading time":"1 minute"},"schema":{"@context":"https:\/\/schema.org","@graph":[{"@type":"WebPage","@id":"https:\/\/declix.io\/blog\/demo-buchen","url":"https:\/\/declix.io\/blog\/demo-buchen","name":"Demo buchen | Declix","isPartOf":{"@id":"https:\/\/declix.io\/blog\/#website"},"datePublished":"2021-03-19T10:02:47+00:00","dateModified":"2023-07-31T18:42:59+00:00","breadcrumb":{"@id":"https:\/\/declix.io\/blog\/demo-buchen#breadcrumb"},"inLanguage":"en-GB","potentialAction":[{"@type":"ReadAction","target":["https:\/\/declix.io\/blog\/demo-buchen"]}]},{"@type":"BreadcrumbList","@id":"https:\/\/declix.io\/blog\/demo-buchen#breadcrumb","itemListElement":[{"@type":"ListItem","position":1,"name":"Portada","item":"https:\/\/declix.io\/blog\/en\/"},{"@type":"ListItem","position":2,"name":"Demo buchen"}]},{"@type":"WebSite","@id":"https:\/\/declix.io\/blog\/#website","url":"https:\/\/declix.io\/blog\/","name":"Declix","description":"Live Support, Customer service &amp; Online Assistant","publisher":{"@id":"https:\/\/declix.io\/blog\/#organization"},"potentialAction":[{"@type":"SearchAction","target":{"@type":"EntryPoint","urlTemplate":"https:\/\/declix.io\/blog\/?s={search_term_string}"},"query-input":{"@type":"PropertyValueSpecification","valueRequired":true,"valueName":"search_term_string"}}],"inLanguage":"en-GB"},{"@type":"Organization","@id":"https:\/\/declix.io\/blog\/#organization","name":"Declix","url":"https:\/\/declix.io\/blog\/","logo":{"@type":"ImageObject","inLanguage":"en-GB","@id":"https:\/\/declix.io\/blog\/#\/schema\/logo\/image\/","url":"https:\/\/declix.io\/blog\/wp-content\/uploads\/2021\/01\/DeClix-Horizontal-1.png","contentUrl":"https:\/\/declix.io\/blog\/wp-content\/uploads\/2021\/01\/DeClix-Horizontal-1.png","width":1081,"height":283,"caption":"Declix"},"image":{"@id":"https:\/\/declix.io\/blog\/#\/schema\/logo\/image\/"},"sameAs":["https:\/\/www.facebook.com\/Declix.ch\/","https:\/\/x.com\/declix_CH","https:\/\/www.instagram.com\/declix_ch\/","https:\/\/www.linkedin.com\/company\/declix7\/","https:\/\/www.pinterest.ch\/Declix_CH","https:\/\/www.youtube.com\/channel\/UCh-eD053S-x2XbHAYJsywuQ"]}]}},"_links":{"self":[{"href":"https:\/\/declix.io\/blog\/wp-json\/wp\/v2\/pages\/2101","targetHints":{"allow":["GET"]}}],"collection":[{"href":"https:\/\/declix.io\/blog\/wp-json\/wp\/v2\/pages"}],"about":[{"href":"https:\/\/declix.io\/blog\/wp-json\/wp\/v2\/types\/page"}],"author":[{"embeddable":true,"href":"https:\/\/declix.io\/blog\/wp-json\/wp\/v2\/users\/3"}],"replies":[{"embeddable":true,"href":"https:\/\/declix.io\/blog\/wp-json\/wp\/v2\/comments?post=2101"}],"version-history":[{"count":7,"href":"https:\/\/declix.io\/blog\/wp-json\/wp\/v2\/pages\/2101\/revisions"}],"predecessor-version":[{"id":2507,"href":"https:\/\/declix.io\/blog\/wp-json\/wp\/v2\/pages\/2101\/revisions\/2507"}],"wp:attachment":[{"href":"https:\/\/declix.io\/blog\/wp-json\/wp\/v2\/media?parent=2101"}],"curies":[{"name":"wp","href":"https:\/\/api.w.org\/{rel}","templated":true}]}}